1)))?
-5
What is -14 + (-1 - 1) + 3 + 5 + 1?
-7
Evaluate -30 + 6 + 7 + 11.
-6
What is (-7 + 8 - (-3 - -9)) + 13?
8
(1326 - 1328) + -1 + (-1 - -12) + -8
0
8 - (0 + -1 + (152 - 157))
14
Calculate -4 + (11 - 4) - (38 + -56).
21
Evaluate (-4 - (-6 + -4)) + -1 - 9.
-4
Evaluate (21 - 18) + (0 - 7).
-4
What is 2 + (-19 - -11) + (-1 - 4 - -1)?
-10
Evaluate 3 + 10 - (-31 - -50).
-6
What is the value of -9 - (-9 + 24 + (10 - 17))?
-17
-34 - (6 - 15) - (37 - 51)
-11
Calculate 10 + (-5 + 3 - (17 + -15)).
6
Evaluate (15 - 6) + 47 + -60.
-4
-12 + (2 - 1) - (20 + (-22 - 3))
-6
What is the value of -10 - (11 + (11 - (-9 - -30)) - 23)?
12
9 + 12 + -15 + (3 - -2)
11
What is the value of -2 - -1 - (-23 + -3 + 36)?
-11
What is 9 + (-4 - -8) - 10?
3
What is the value of (0 - -3) + -1 - (-9 - -15 - 2)?
-2
-12 - (-32 - -39 - (0 - 0))
-19
Calculate 2 + 11 + (-6 - 3).
4
Calculate -2 - (12 + (13 - 14) - 33).
20
What is the value of 12 + (-4 - (-5 + 0 + -2))?
15
(12 + (-10 - 12) - -11) + -5
-4
What is -6 + (12 - (-3 + -3)) + 4 + -9?
7
What is the value of -17 - (13 - (6 + 1 - -17))?
-6
Evaluate -3 - ((10 - (-11 - -10)) + -19).
5
0 - (-11 + 12 + -13 - -18)
-6
What is 0 - (-9 + 6 + 1 - 4) - 10?
-4
17 - (20 - 7) - -5
9
Evaluate 1 + 1 + -2 + 300 + -279.
21
What is the value of 16 + ((2 - -9) + -9 - (10 - 2))?
10
6 - (4 - (-9 - -5) - 16)
14
What is 1068 - 1075 - (-2 - (-1 - 1))?
-7
What is the value of 3 + -11 + (-9 - -12 - (3 + 3))?
-11
What is the value of (5 - 20) + -9 + (7 - 10)?
-27
What is the value of -15 + 7 + (-10 - -8)?
-10
Calculate -18 - (-14 + -3 - 11).
10
Calculate -7 - (-10 - -9 - -6).
-12
What is the value of 1 + 12 - (-1 - -2 - -6)?
6
What is the value of -62 + 2 + 48 - (0 + 1 + 1)?
-14
Evaluate -18 + (-11 + 6 - -20).
-3
Evaluate -1 + (1 - (-2 + 9 - (16 - 3))).
6
What is -23 + -1 + -159 + 172?
-11
-247 + 283 + (-2 - 0) + -11
23
Evaluate -3 + -3 + 7 + (5 - -2).
8
3 - (-4 - (-1 - 5 - -3))
4
(14 + -1 - 0) + 115 + -123
5
Evaluate (5 - 10) + 22 + -3.
14
Evaluate 19 + 12 + -6 + -10.
15
Evaluate (17 + 7 - -6) + -14 + (9 - 2).
23
What is -6 - (-29 - -10) - 3 - 11?
-1
-1 + -1 + (87 - 89) - -7
3
What is (-3 - 2) + 0 - 12 - (12 + -15)?
-14
What is the value of -175 + 176 - (2 - 13 - -1)?
11
What is -2 + 1 + (14 - 29) + 20?
4
What is the value of (-25 - -5) + 65 + -48?
-3
Calculate 1 + 0 - 7 - -4 - (6 - 8).
0
Evaluate -4 + -7 - -1 - (-4 + 9).
-15
-14 - ((-18 + 15 - -2) + 1 + -1)
-13
What is the value of 1 + -2 + (0 - 14) - -11?
-4
Evaluate (8 - 0 - (17 + -25)) + 15.
31
Evaluate 26 - (13 + (-14 - 2)) - 11.
18
Evaluate ((5 - (-1 - -8)) + 0 - -12) + 5.
15
What is 3 + -4 + (-234 - -214)?
-21
Evaluate -15 - -5 - ((15 - 3) + (-1 - 0)).
-21
31 + (47 - 38) + -41
-1
What is (3 + 3 - 1) + (10 + -1 - 11)?
3
Evaluate 12 - (-6 - 36 - -62).
-8
What is (10 - 18) + 44 - 22?
14
Evaluate 14 - 17 - (-4 - -11) - 13.
-23
What is 3 + 11 - (-31 + 59 + -25)?
11
Evaluate -1 + (14 - 6) + -19.
-12
What is -3 - (0 + -7 + -22 + 38)?
-12
What is 8 - -8 - (-68 - -63)?
21
(-5 + -3 - (3 - 28)) + -6
11
Calculate (11 - 0) + (-16 - -3).
-2
What is 5 + -17 + 23 - -7?
18
What is the value of 5 + 4 + 2 + 4 + -5?
10
What is the value of -11 + -7 + 0 + 2 + 4?
-12
What is the value of (8 - (-12 - -8)) + 3 + -5 + -5?
5
Calculate -2 + 9 + 2 - (335 - 335).
9
What is the value of 3 + (10 - 23) + 5?
-5
-4 - (-14 - (-19 + 15))
6
What is the value of -1 - (-10 + -4 + -10 + 14)?
9
What is 11 + (7 + -20 - (3 + 1))?
-6
What is -18 + (-1 - -19 - (48 - 40))?
-8
Calculate 6 + 4 + -2 + -4 + -1 + 16.
19
What is the value of ((-5 - -11) + (10 - 3) - 4) + -31?
-22
13 + -2 - (-14 + 18) - 27
-20
Calculate 25 + (-11 + -6 - -3).
11
What is 17 + -9 + (-9 - -9)?
8
-4 + 7 - (12 + -10 + (-7 - -1))
7
(0 + 7 - (2 + -3)) + -14 + 1
-5
What is the value of 29 + -37 + 17 - (-3 - -2 - 8)?
18
Calculate -2 - (2 + -1 - (-4 - (-38 - -23))).
8
What is (39 - 38) + 0 + -4 + 4?
1
Evaluate -14 + (9 - 20) + 29.
4
-2 - (-25 + 13) - 8
2
What is 1 - -10 - 20 - -28?
19
What is the value of -21 + 50 - (7 - (5 - 15) - 7)?
19
What is the value of -9 + 2 + -8 + 10 + (-10 - -1)?
-14
What is 5 + 0 + 1 + (139 - 138)?
7
What is 5 - (3 - -17 - (-75 - -92))?
2
What is (7 - (24 + -8)) + 1 + 25 + -1?
16
What is the value of -14 - (-15 - -2 - 6)?
5
Calculate (-2 - 3) + 11 + -11 + -2.
-7
Evaluate -10 - ((-10 - -4) + 7).
-11
What is (21 - (32 - 1)) + (3 - -12)?
5
Evaluate (-107 - -91) + 17 + 1 + -2.
0
Calculate -47 + 48 - (-9 + 11 - (15 + -1)).
13
Evaluate -2 + -7 - (-15 - -21 - 12).
-3
(13 - 8) + -10 + 7 - -6
8
What is the value of -14 + 3 + 17 + -14?
-8
What is the value of 1 + (-9 - 2) + 11 + -2 + 6?
5
10 - (1 + (0 - -3 - (15 - 7)))
14
-33 - -30 - (-6 + (-7 - -8))
2
Calculate 42 + -20 + -22 + 2 + -2.
0
Evaluate (-6 - -5) + (-4 - -6 - -9).
10
Calculate -1 - -10 - ((5 - -6) + -4) - -1.
3
Evaluate -11 - (3 - 10) - 3.
-7
What is the value of -1 + (-16 - 2) + 317 + -307?
-9
What is the value of 22 + -3 + (0 - 11) + 1 + -2?
7
What is 20 + (-3 + 16 + (1 - 6) - 2)?
26
What is -3 - (3 + -1) - (8 - 17)?
4
What is -1 + 31 + -28 + 17 + -10?
9
What is (0 - 0 - -6) + (17 - 18) - -6?
11
Evaluate (-8 - 1 - (22 - 29)) + (9 - -2).
9
Evaluate (87 - 166 - -77) + 2 + 1.
1
What is -1 - (-20 - (-28 + 19))?
10
(749 - 749) + 1 + 18
19
What is the value of (-21 + 7 - -4) + 8 + -2 + -3?
-7
Calculate (4 - 0) + 19 + 0 + -6 + -6.
11
What is 1081 + -1091 - (4 + -1 - 1) - -4?
-8
What is (362 - 326) + (6 - 45)?
-3
-10 + -13 + 26 - 9
-6
What is the value of -26 + (17 + 6 - 2)?
-5
Evaluate (-116 - -122) + 11 + -5.
12
Calculate 17 + 2 - (5 - -5).
9
Calculate (2 - -2) + 1 + (-12 - -11).
4
What is -1 + -4 + -1 - (-23 + 4)?
13
What is ((16 - 12) + -53 - -12) + 12?
-25
What is the value of -15 - (-41 + 0 + 17)?
9
What is the value of 6 + 6 + 1 + -6 + -3 - -9?
13
What is the value of 15 + (-12 - (-20 - -7)) - (-1 + 0)?
17
Evaluate -4 + 7 + (-7 - -2) + (-13 - -15).
0
Evaluate 2 + 6 + -19 + 7 - (-3 - -11).
-12
Calculate 9 - -19 - (3 - -33).
-8
Evaluate -11 - ((-7 + -7 - -13) + (-1 - 2)).
-7
What is -2 - -2 - (3 + -1 + 3) - -3?
-2
(-61 - -58) + 6 + 8 + -12
-1
Calculate -4 - (3 + (-9 - -19 - 11 - -3)).
-9
Calculate -20 + (-4 - -2) + 1 + 2.
-19
Evaluate 64 - (19 + -20 + 39).
26
Evaluate -8 - -45 - (0 - -18).
19
Calculate -1 - 2 - (-16 - (-17 + 10)).
6
Evaluate 0 - (0 - (-11 - (-5 + -17))).
11
What is (-33 - (12 + -27)) + (5 - 16)?
-29
(278 - 276) + 0 + 23 - 9
16
What is the value of (-3 + -2 - 1) + 13?
7
-6 - (3 + -31) - 28
-6
What is the value of -16 + 4 + 0 + 2 - (303 - 295)?
-18
Calculate -20 - (4 + (-27 - 8)).
11
Calculate 13 - 21 - (-34 - 2 - (2 - 1)).
29
-38 + 2 + (49 + -6 - 32)
-25
What is the value of (7 - 1) + 0 - (18 + -14)?
2
What is -13 - -1 - (4 + (-8 - -6)) - 4?
-18
Evaluate 6 + -1 + 11 + -18.
-2
Calculate -33 + (23 - (-11 - -13)).
-12
Calculate -77 + 85 - (17 + (-2 - -2)).
-9
What is 15 - (45 - (51 - 30)) - (-24 - 0)?
15
-35 - (-55 + 24 - 14)
10
Calculate (-1 - -1) + (19 + -9 - 18 - -4).
-4
(-11 - (-11 + 14)) + 4 + 1 + 30
21
What is (-4 - 1) + (0 - -31) + (-66 - -73)?
33
What is the value of -62 + 69 - (1 + (-9 - -2))?
13
What is -20 + 12 + 16 - (5 + 0 + 2)?
1
Evaluate (0 - (-2 - -2)) + -32 + 27.
-5
What is the value of -117 + 118 - (-1 + -4) - 1?
5
What is the value of -17 - -3 - (-95 - -72)?
9
What is the value of -44 - -37 - (-4 - (-11 + -1))?
-15
What is ((-19 - -10) + 11 - 8) + -12?
-18
What is 8 + 1 + 1 + -2 + 18 + -26?
0
Evaluate 15 - 2 - (-15 - -39).
-11
Calculate -8 - (0 - (19 + -19 + -2 + 1)).
-9
What is -2 + (6 + 1 - 5) - -10?
10
What is the value of -3 - -5 - -1 - (-143 - -142)?
4
Calculate (0 + 0 - 21) + -4 + -5 + 6.
-24
What is the value of 9 + -6 - (-2 - 1) - (-243 + 240)?
9
What is the value of (-39 - (11 + (-12 - 10))) + -2?
-30
-7 - (-25 + 15 - (-4 + 2))
1
(8 - (-8 + -2) - 13) + -6
-1
What is -4 + 8 + -4 - (-12 + 3)?
9
Evaluate -26 - (6 + (2 - (6 + 13))).
-15
What is -3 + 1 + 1 - (30 + -34)?
3
(-24 - (5 - (-5 + 15))) + (1 - 9)
-27
Calculate -10 - -2 - (-8 + (-15 - -23)).
-8
Calculate -8 + -1 + 20 + -2 + 10.
19
1 - (2 + 6) - (9 + (12 - 27))
-1
What is the value of -4 - (11 + -26 + 1 - -21)?
-11
What is the value of -7 - -2 - (-27 + 20 + 8 + 1)?
-7
-2 - (-11 + 25 + -14)
-2
Calculate (-15 + -11 - -47) + -2.
19
What is 73 - 60 - (0 - -4)?
9
Calculate (-29 - -12) + 14 + (-1 - -23)